{"id":131,"date":"2024-06-04T19:41:19","date_gmt":"2024-06-04T17:41:19","guid":{"rendered":"https:\/\/observatoirevalidismepolitique.fr\/?page_id=131"},"modified":"2024-06-21T15:34:44","modified_gmt":"2024-06-21T13:34:44","slug":"tribune-violences-validistes-sur-les-elues-et-elus-handicapes-a-quand-la-fin-des-oppressions-systemiques","status":"publish","type":"page","link":"https:\/\/observatoirevalidismepolitique.fr\/","title":{"rendered":"Tribune : Violences validistes sur les \u00e9lues et \u00e9lus handicap\u00e9s : \u00e0 quand la fin des oppressions syst\u00e9miques ?"},"content":{"rendered":"\n<p>Nous, personnes handicap\u00e9es militantes, candidates ou \u00e9lues,&nbsp;<strong>interpellons le monde politique sur les violences validistes auxquelles nous sommes confront\u00e9es et sur la n\u00e9cessaire suppression des barri\u00e8res physiques, techniques et organisationnelles que nous rencontrons pour participer \u00e0 la vie de la cit\u00e9.<\/strong><\/p>\n\n\n\n<p>Au sein du Parlement, des conseils r\u00e9gionaux, d\u00e9partementaux, intercommunaux ou municipaux, dans les associations ou les partis politiques, nous faisons r\u00e9guli\u00e8rement face \u00e0 des violences, une infantilisation et une absence de prise en compte ou encore un effacement de nos besoins, diff\u00e9rences, et de nos identit\u00e9s. Malgr\u00e9 nos signaux d\u2019alertes et face \u00e0 des discours grandiloquents sur l\u2019inclusion au sein de nos institutions, nous d\u00e9non\u00e7ons une violence syst\u00e9mique envers les corps et les esprits disqualifi\u00e9s par la soci\u00e9t\u00e9 valide.<\/p>\n\n\n\n<p>Les ann\u00e9es passent et rien ne change, le manque de repr\u00e9sentation reste le m\u00eame, les am\u00e9nagements permettant de compenser les situations de handicap ne sont pas mis en oeuvre et les attaques ne font qu\u2019augmenter. Le handicap reste un impens\u00e9 des politiques publiques et les partis ignorent ou pire participent \u00e0 ce syst\u00e8me de violence.<\/p>\n\n\n\n<p>Trop souvent, nous avons l\u2019impression d\u2019\u00eatre cantonn\u00e9es au statut de \u201cfaire-valoir\u201d, \u00e0 qui l\u2019on demande d\u2019\u00eatre pr\u00e9sent sur les photographies de campagne, sans nous proposer des places \u00e9ligibles, sans nous accorder les moyens n\u00e9cessaires d\u2019exercer notre mandat lorsque nous parvenons \u00e0 \u00eatre \u00e9lu ou \u00e9lue, et sans d\u00e9fendre les droits des personnes handicap\u00e9es dans les politiques men\u00e9es.<\/p>\n\n\n\n<p>Le monde politique doit montrer l\u2019exemple de la non-discrimination et d\u2019une repr\u00e9sentation fid\u00e8le \u00e0 la composition et aux pr\u00e9occupations de la soci\u00e9t\u00e9 fran\u00e7aise, en \u00e9cartant les auteurs et les autrices de violences validistes de ses rangs, en se formant aux luttes anti-validistes et en soutenant l\u2019accessibilit\u00e9 et les moyens de compensation de tous les handicaps, que ce soit pendant les campagnes ou pendant les mandats. Alors que le handicap est la premi\u00e8re cause de saisine de la D\u00e9fenseure des droits, les lieux de d\u00e9lib\u00e9ration et de d\u00e9cisions nous excluent trop souvent et annihilent ainsi la voix des 16% de Fran\u00e7ais handicap\u00e9s et une large vari\u00e9t\u00e9 de points de vue et int\u00e9r\u00eats dans la construction des politiques publiques[1].<\/p>\n\n\n\n<p>Ce ph\u00e9nom\u00e8ne de marginalisation trouve son fondement dans le validisme, un syst\u00e8me d\u2019oppression syst\u00e9mique bas\u00e9 sur des croyances et des pratiques qui d\u00e9valorisent ceux et celles qui ne correspondent pas \u00e0 la norme valide d\u2019ordre corporel, sensoriel et\/ou cognitif. Le validisme op\u00e8re dans tous les aspects de la soci\u00e9t\u00e9, mais trouve une r\u00e9sonance particuli\u00e8rement d\u00e9vastatrice dans le domaine politique, format\u00e9 sur les exigences physiques et sociales attendues de l\u2019\u00ab homme fort \u00bb : disponible \u00e0 tout moment, avec une sant\u00e9 \u00e0 \u00ab toute \u00e9preuve \u00bb, ne craignant rien, bon orateur \u2026 etc. Cette normalisation extr\u00eame \u00e9carte des sph\u00e8res d\u00e9cisionnelles et militantes les personnes handicap\u00e9es, qui peuvent \u00e9galement subir d\u2019autres discriminations (racisme, sexisme, LGBTphobies).<\/p>\n\n\n\n<p>Cette s\u00e9gr\u00e9gation partielle ou totale est d\u2019autant plus dangereuse pour la soci\u00e9t\u00e9 qu\u2019il est n\u00e9cessaire de contrecarrer l\u2019actuelle progression des discours violents envers ceux et celles qui ne seraient pas productifs et\/ou dont la vie aurait une moindre valeur : il suffit de lire le rapport 2023 sur les politiques publiques du handicap du CNCDH, qui constate la persistance des st\u00e9r\u00e9otypes, pr\u00e9jug\u00e9s et discriminations [2]. Alors qu\u2019un tiers des moins de 35 ans consid\u00e8re<br>que les handicap\u00e9s sont une charge pour la soci\u00e9t\u00e9, et que 60% de la soci\u00e9t\u00e9 consid\u00e8re que le handicap est un obstacle au bonheur et \u00e0 l\u2019\u00e9panouissement, la classe politique continue d\u2019utiliser un vocabulaire validiste \u2013 soit insultant tel que \u201c\u00e9clop\u00e9, cul de jatte, attard\u00e9, triso\u201d, soit utilisant nos handicaps comme termes p\u00e9joratifs \u201cAutiste, aveugle, dialogue de sourds \u2026 \u00bb<\/p>\n\n\n\n<blockquote class=\"wp-block-quote is-layout-flow wp-block-quote-is-layout-flow\">\n<p class=\"has-medium-font-size\"><strong><em>C\u2019est pourquoi, d\u00e8s septembre 2024 sera ainsi cr\u00e9\u00e9 un Observatoire du validisme en politique.<\/em><\/strong><\/p>\n<\/blockquote>\n\n\n\n<p>Il aura pour mission d\u2019identifier, de documenter et de d\u00e9noncer les comportements et prises de position validistes au sein du milieu politique et militant, ainsi que d\u2019interpeller les \u00e9lus et d\u00e9cideurs sur l\u2019absence d\u2019accessibilit\u00e9 et de compensation du handicap dans les r\u00e9unions et activit\u00e9s politiques. En reconnaissant et en combattant les violences validistes, nous oeuvrons non seulement pour la pleine participation des personnes handicap\u00e9es dans la vie de la cit\u00e9, mais \u00e9galement pour une d\u00e9mocratie plus juste et plus saine pour toutes et tous.<\/p>\n\n\n\n<p><strong>Auteurs et autrices de la tribune :<\/strong><br>Audrey H\u00e9nocque, Premi\u00e8re adjointe au maire de Lyon<br>Odile Maurin, Conseill\u00e8re municipale et m\u00e9tropolitaine de Toulouse,<br>S\u00e9bastien Peytavie, D\u00e9put\u00e9 de Dordogne<br>Marie Pieron, Adjointe au maire d\u2019Ivry sur Seine et conseill\u00e8re territoriale du Grand Orly Seine Bievre<br>Tom Tallieu, Militant politique<br><\/p>\n\n\n\n<p><em>[1] Ces violences r\u00e9sultent de la non prise en compte de l\u2019accessibilit\u00e9 aux personnes handicap\u00e9es physiques, de la protection des personnes immunod\u00e9prim\u00e9es, d\u2019organisations excluantes pour les personnes neurodivergentes, de r\u00e9unions trop longues pour les personnes souffrant de douleurs chroniques et\/ou de fatigabilit\u00e9, de documents et sites inaccessibles aux personnes aveugles et malvoyantes mais aussi aux personnes handicap\u00e9es mentales ou de communication sans langue des signes pour les personnes sourdes\u2026et d\u2019autres carences qui effacent les personnes concern\u00e9es de la vie politique.<\/em><\/p>\n\n\n\n<p><em>[2] https:\/\/www.cncdh.fr\/sites\/default\/files\/2023-<br>12\/9782111578326_CNCDH_Handicap__PDFweb_access.pdf<\/em><\/p>\n\n\n\n<p><\/p>\n\n\n\n<hr class=\"wp-block-separator has-alpha-channel-opacity\"\/>\n\n\n\n<p class=\"has-nv-c-2-background-color has-background\">Pour continuer \u00e0 signer la tribune :<\/p>\n\n\n\n<p><a href=\"https:\/\/docs.google.com\/forms\/d\/1ZLvp_smP_lbcyvNvuYP2uJBTK_r56Cwf360YeJtoGUs\">https:\/\/docs.google.com\/forms\/d\/1ZLvp_smP_lbcyvNvuYP2uJBTK_r56Cwf360YeJtoGUs<\/a><\/p>\n\n\n\n<p><\/p>\n\n\n\n<p class=\"has-nv-c-2-background-color has-background\">Les 1ers signataires :<\/p>\n\n\n\n<div data-wp-interactive=\"core\/file\" class=\"wp-block-file\"><object data-wp-bind--hidden=\"!state.hasPdfPreview\" hidden class=\"wp-block-file__embed\" data=\"https:\/\/observatoirevalidismepolitique.fr\/wp-content\/uploads\/2024\/06\/240606_Signataires_Violences-validistes-sur-les-elu-es-et-militant-es-handicape-es_nom-et-titre_alpha-1.pdf\" type=\"application\/pdf\" style=\"width:100%;height:1915px\" aria-label=\"Contenu embarqu\u00e9 240606_Signataires_Violences-validistes-sur-les-elu-es-et-militant-es-handicape-es_nom-et-titre_alpha-1.\"><\/object><a id=\"wp-block-file--media-896d0bab-0a5e-4d26-945c-33629047dca9\" href=\"https:\/\/observatoirevalidismepolitique.fr\/wp-content\/uploads\/2024\/06\/240606_Signataires_Violences-validistes-sur-les-elu-es-et-militant-es-handicape-es_nom-et-titre_alpha-1.pdf\" target=\"_blank\" rel=\"noreferrer noopener\">240606_Signataires_Violences-validistes-sur-les-elu-es-et-militant-es-handicape-es_nom-et-titre_alpha-1<\/a><a href=\"https:\/\/observatoirevalidismepolitique.fr\/wp-content\/uploads\/2024\/06\/240606_Signataires_Violences-validistes-sur-les-elu-es-et-militant-es-handicape-es_nom-et-titre_alpha-1.pdf\" class=\"wp-block-file__button wp-element-button\" download aria-describedby=\"wp-block-file--media-896d0bab-0a5e-4d26-945c-33629047dca9\">T\u00e9l\u00e9charger<\/a><\/div>\n","protected":false},"excerpt":{"rendered":"<p>Nous, personnes handicap\u00e9es militantes, candidates ou \u00e9lues,&nbsp;interpellons le monde politique sur les violences validistes auxquelles nous sommes confront\u00e9es et sur la n\u00e9cessaire suppression des barri\u00e8res physiques, techniques et organisationnelles que nous rencontrons pour participer \u00e0 la vie de la cit\u00e9. Au sein du Parlement, des conseils r\u00e9gionaux, d\u00e9partementaux, intercommunaux ou municipaux, dans les associations ou [&hellip;]<\/p>\n","protected":false},"author":1,"featured_media":0,"parent":0,"menu_order":0,"comment_status":"open","ping_status":"closed","template":"","meta":{"jetpack_post_was_ever_published":false,"footnotes":""},"class_list":["post-131","page","type-page","status-publish","hentry"],"jetpack-related-posts":[{"id":53,"url":"https:\/\/observatoirevalidismepolitique.fr\/index.php\/auteurs-et-autrices-de-la-tribune\/","url_meta":{"origin":131,"position":0},"title":"Auteurs et autrices de la tribune","author":"admin9931","date":"2 juin 2024","format":false,"excerpt":"Photo de Audrey Henocque Audrey H\u00e9nocque est Premi\u00e8re Adjoint au Maire de Lyon en charge des finances, de la culture et des grands \u00e9v\u00e9nements. Dipl\u00f4m\u00e9e de Sciences-Po Grenoble et de l\u2019Institut National d\u2019Etudes Territoriales, elle a exerc\u00e9 en tant qu\u2019administratrice territoriale dans diff\u00e9rentes collectivit\u00e9s locales et dans des secteurs tels\u2026","rel":"","context":"Article similaire","block_context":{"text":"Article similaire","link":""},"img":{"alt_text":"Photo de Audrey Henocque","src":"https:\/\/i0.wp.com\/observatoirevalidismepolitique.fr\/wp-content\/uploads\/2024\/06\/AudreyHenocque.jpg?resize=350%2C200&ssl=1","width":350,"height":200,"srcset":"https:\/\/i0.wp.com\/observatoirevalidismepolitique.fr\/wp-content\/uploads\/2024\/06\/AudreyHenocque.jpg?resize=350%2C200&ssl=1 1x, https:\/\/i0.wp.com\/observatoirevalidismepolitique.fr\/wp-content\/uploads\/2024\/06\/AudreyHenocque.jpg?resize=525%2C300&ssl=1 1.5x, https:\/\/i0.wp.com\/observatoirevalidismepolitique.fr\/wp-content\/uploads\/2024\/06\/AudreyHenocque.jpg?resize=700%2C400&ssl=1 2x, https:\/\/i0.wp.com\/observatoirevalidismepolitique.fr\/wp-content\/uploads\/2024\/06\/AudreyHenocque.jpg?resize=1050%2C600&ssl=1 3x, https:\/\/i0.wp.com\/observatoirevalidismepolitique.fr\/wp-content\/uploads\/2024\/06\/AudreyHenocque.jpg?resize=1400%2C800&ssl=1 4x"},"classes":[]},{"id":25,"url":"https:\/\/observatoirevalidismepolitique.fr\/index.php\/le-validismeme-kesako\/","url_meta":{"origin":131,"position":1},"title":"Le validisme, kesako ?","author":"admin9931","date":"29 mai 2024","format":false,"excerpt":"ValidismeNom masculinOu capacitismePr\u00e9jug\u00e9s et comportements discriminatoires envers les personnes en situation de handicap Le validisme, ou capacitisme, c\u2019est quoi\u00a0? C\u2019est l\u2019ensemble des pr\u00e9jug\u00e9s et comportements discriminatoires \u00e0 l'encontre des personnes en situation de handicap. C\u2019est la traduction d'un terme anglo-am\u00e9ricain qui est Ableisme qui se traduit soit par validisme, soit\u2026","rel":"","context":"Article similaire","block_context":{"text":"Article similaire","link":""},"img":{"alt_text":"Validisme Nom masculin Ou capacitisme Pr\u00e9jug\u00e9s et comportements discriminatoires envers les personnes en situation de handicap","src":"https:\/\/i0.wp.com\/observatoirevalidismepolitique.fr\/wp-content\/uploads\/2024\/05\/validisme2.jpg?resize=350%2C200&ssl=1","width":350,"height":200},"classes":[]},{"id":3,"url":"https:\/\/observatoirevalidismepolitique.fr\/index.php\/politique-de-confidentialite\/","url_meta":{"origin":131,"position":2},"title":"Politique de confidentialit\u00e9","author":"admin9931","date":"29 mai 2024","format":false,"excerpt":"Qui sommes-nous\u00a0? Nous sommes 6 \u00e9lus et militants handicap\u00e9s, auteurs de la tribune L\u2019adresse de notre site est\u00a0: http:\/\/observatoirevalidismepolitique.fr Responsable de publication : Mme Odile Maurin\u00a0H\u00e9bergement par OVH Contact ObservatoireValidismePolitique@gmail.com Commentaires Quand vous laissez un commentaire sur notre site, les donn\u00e9es inscrites dans le formulaire de commentaire, ainsi que votre\u2026","rel":"","context":"Article similaire","block_context":{"text":"Article similaire","link":""},"img":{"alt_text":"","src":"","width":0,"height":0},"classes":[]}],"jetpack_likes_enabled":true,"jetpack_sharing_enabled":true,"_links":{"self":[{"href":"https:\/\/observatoirevalidismepolitique.fr\/index.php\/wp-json\/wp\/v2\/pages\/131","targetHints":{"allow":["GET"]}}],"collection":[{"href":"https:\/\/observatoirevalidismepolitique.fr\/index.php\/wp-json\/wp\/v2\/pages"}],"about":[{"href":"https:\/\/observatoirevalidismepolitique.fr\/index.php\/wp-json\/wp\/v2\/types\/page"}],"author":[{"embeddable":true,"href":"https:\/\/observatoirevalidismepolitique.fr\/index.php\/wp-json\/wp\/v2\/users\/1"}],"replies":[{"embeddable":true,"href":"https:\/\/observatoirevalidismepolitique.fr\/index.php\/wp-json\/wp\/v2\/comments?post=131"}],"version-history":[{"count":9,"href":"https:\/\/observatoirevalidismepolitique.fr\/index.php\/wp-json\/wp\/v2\/pages\/131\/revisions"}],"predecessor-version":[{"id":199,"href":"https:\/\/observatoirevalidismepolitique.fr\/index.php\/wp-json\/wp\/v2\/pages\/131\/revisions\/199"}],"wp:attachment":[{"href":"https:\/\/observatoirevalidismepolitique.fr\/index.php\/wp-json\/wp\/v2\/media?parent=131"}],"curies":[{"name":"wp","href":"https:\/\/api.w.org\/{rel}","templated":true}]}}

Tribune : Violences validistes sur les élues et élus handicapés : à quand la fin des oppressions systémiques ?

<p>Nous, personnes handicapées militantes, candidates ou élues,&nbsp;<strong>interpellons le monde politique sur les violences validistes auxquelles nous sommes confrontées et sur la nécessaire suppression des barrières physiques, techniques et organisationnelles que nous rencontrons pour participer à la vie de la cité.</strong></p>



<p>Au sein du Parlement, des conseils régionaux, départementaux, intercommunaux ou municipaux, dans les associations ou les partis politiques, nous faisons régulièrement face à des violences, une infantilisation et une absence de prise en compte ou encore un effacement de nos besoins, différences, et de nos identités. Malgré nos signaux d’alertes et face à des discours grandiloquents sur l’inclusion au sein de nos institutions, nous dénonçons une violence systémique envers les corps et les esprits disqualifiés par la société valide.</p>



<p>Les années passent et rien ne change, le manque de représentation reste le même, les aménagements permettant de compenser les situations de handicap ne sont pas mis en oeuvre et les attaques ne font qu’augmenter. Le handicap reste un impensé des politiques publiques et les partis ignorent ou pire participent à ce système de violence.</p>



<p>Trop souvent, nous avons l’impression d’être cantonnées au statut de “faire-valoir”, à qui l’on demande d’être présent sur les photographies de campagne, sans nous proposer des places éligibles, sans nous accorder les moyens nécessaires d’exercer notre mandat lorsque nous parvenons à être élu ou élue, et sans défendre les droits des personnes handicapées dans les politiques menées.</p>



<p>Le monde politique doit montrer l’exemple de la non-discrimination et d’une représentation fidèle à la composition et aux préoccupations de la société française, en écartant les auteurs et les autrices de violences validistes de ses rangs, en se formant aux luttes anti-validistes et en soutenant l’accessibilité et les moyens de compensation de tous les handicaps, que ce soit pendant les campagnes ou pendant les mandats. Alors que le handicap est la première cause de saisine de la Défenseure des droits, les lieux de délibération et de décisions nous excluent trop souvent et annihilent ainsi la voix des 16% de Français handicapés et une large variété de points de vue et intérêts dans la construction des politiques publiques[1].</p>



<p>Ce phénomène de marginalisation trouve son fondement dans le validisme, un système d’oppression systémique basé sur des croyances et des pratiques qui dévalorisent ceux et celles qui ne correspondent pas à la norme valide d’ordre corporel, sensoriel et/ou cognitif. Le validisme opère dans tous les aspects de la société, mais trouve une résonance particulièrement dévastatrice dans le domaine politique, formaté sur les exigences physiques et sociales attendues de l’« homme fort » : disponible à tout moment, avec une santé à « toute épreuve », ne craignant rien, bon orateur … etc. Cette normalisation extrême écarte des sphères décisionnelles et militantes les personnes handicapées, qui peuvent également subir d’autres discriminations (racisme, sexisme, LGBTphobies).</p>



<p>Cette ségrégation partielle ou totale est d’autant plus dangereuse pour la société qu’il est nécessaire de contrecarrer l’actuelle progression des discours violents envers ceux et celles qui ne seraient pas productifs et/ou dont la vie aurait une moindre valeur : il suffit de lire le rapport 2023 sur les politiques publiques du handicap du CNCDH, qui constate la persistance des stéréotypes, préjugés et discriminations [2]. Alors qu’un tiers des moins de 35 ans considère<br>que les handicapés sont une charge pour la société, et que 60% de la société considère que le handicap est un obstacle au bonheur et à l’épanouissement, la classe politique continue d’utiliser un vocabulaire validiste – soit insultant tel que “éclopé, cul de jatte, attardé, triso”, soit utilisant nos handicaps comme termes péjoratifs “Autiste, aveugle, dialogue de sourds … »</p>



<blockquote class="wp-block-quote is-layout-flow wp-block-quote-is-layout-flow">
<p class="has-medium-font-size"><strong><em>C’est pourquoi, dès septembre 2024 sera ainsi créé un Observatoire du validisme en politique.</em></strong></p>
</blockquote>



<p>Il aura pour mission d’identifier, de documenter et de dénoncer les comportements et prises de position validistes au sein du milieu politique et militant, ainsi que d’interpeller les élus et décideurs sur l’absence d’accessibilité et de compensation du handicap dans les réunions et activités politiques. En reconnaissant et en combattant les violences validistes, nous oeuvrons non seulement pour la pleine participation des personnes handicapées dans la vie de la cité, mais également pour une démocratie plus juste et plus saine pour toutes et tous.</p>



<p><strong>Auteurs et autrices de la tribune :</strong><br>Audrey Hénocque, Première adjointe au maire de Lyon<br>Odile Maurin, Conseillère municipale et métropolitaine de Toulouse,<br>Sébastien Peytavie, Député de Dordogne<br>Marie Pieron, Adjointe au maire d’Ivry sur Seine et conseillère territoriale du Grand Orly Seine Bievre<br>Tom Tallieu, Militant politique<br></p>



<p><em>[1] Ces violences résultent de la non prise en compte de l’accessibilité aux personnes handicapées physiques, de la protection des personnes immunodéprimées, d’organisations excluantes pour les personnes neurodivergentes, de réunions trop longues pour les personnes souffrant de douleurs chroniques et/ou de fatigabilité, de documents et sites inaccessibles aux personnes aveugles et malvoyantes mais aussi aux personnes handicapées mentales ou de communication sans langue des signes pour les personnes sourdes…et d’autres carences qui effacent les personnes concernées de la vie politique.</em></p>



<p><em>[2] https://www.cncdh.fr/sites/default/files/2023-<br>12/9782111578326_CNCDH_Handicap__PDFweb_access.pdf</em></p>



<p></p>



<hr class="wp-block-separator has-alpha-channel-opacity"/>



<p class="has-nv-c-2-background-color has-background">Pour continuer à signer la tribune :</p>



<p><a href="https://docs.google.com/forms/d/1ZLvp_smP_lbcyvNvuYP2uJBTK_r56Cwf360YeJtoGUs">https://docs.google.com/forms/d/1ZLvp_smP_lbcyvNvuYP2uJBTK_r56Cwf360YeJtoGUs</a></p>



<p></p>



<p class="has-nv-c-2-background-color has-background">Les 1ers signataires :</p>



<div data-wp-interactive="core/file" class="wp-block-file"><object data-wp-bind--hidden="!state.hasPdfPreview" hidden class="wp-block-file__embed" data="https://observatoirevalidismepolitique.fr/wp-content/uploads/2024/06/240606_Signataires_Violences-validistes-sur-les-elu-es-et-militant-es-handicape-es_nom-et-titre_alpha-1.pdf" type="application/pdf" style="width:100%;height:1915px" aria-label="Contenu embarqué 240606_Signataires_Violences-validistes-sur-les-elu-es-et-militant-es-handicape-es_nom-et-titre_alpha-1."></object><a id="wp-block-file--media-896d0bab-0a5e-4d26-945c-33629047dca9" href="https://observatoirevalidismepolitique.fr/wp-content/uploads/2024/06/240606_Signataires_Violences-validistes-sur-les-elu-es-et-militant-es-handicape-es_nom-et-titre_alpha-1.pdf" target="_blank" rel="noreferrer noopener">240606_Signataires_Violences-validistes-sur-les-elu-es-et-militant-es-handicape-es_nom-et-titre_alpha-1</a><a href="https://observatoirevalidismepolitique.fr/wp-content/uploads/2024/06/240606_Signataires_Violences-validistes-sur-les-elu-es-et-militant-es-handicape-es_nom-et-titre_alpha-1.pdf" class="wp-block-file__button wp-element-button" download aria-describedby="wp-block-file--media-896d0bab-0a5e-4d26-945c-33629047dca9">Télécharger</a></div>

<p>Nous, personnes handicapées militantes, candidates ou élues,&nbsp;interpellons le monde politique sur les violences validistes auxquelles nous sommes confrontées et sur la nécessaire suppression des barrières physiques, techniques et organisationnelles que nous rencontrons pour participer à la vie de la cité. Au sein du Parlement, des conseils régionaux, départementaux, intercommunaux ou municipaux, dans les associations ou [&hellip;]</p>

Photo de Audrey Henocque Audrey Hénocque est Première Adjoint au Maire de Lyon en charge des finances, de la culture et des grands événements. Diplômée de Sciences-Po Grenoble et de l’Institut National d’Etudes Territoriales, elle a exercé en tant qu’administratrice territoriale dans différentes collectivités locales et dans des secteurs tels…

ValidismeNom masculinOu capacitismePréjugés et comportements discriminatoires envers les personnes en situation de handicap Le validisme, ou capacitisme, c’est quoi ? C’est l’ensemble des préjugés et comportements discriminatoires à l'encontre des personnes en situation de handicap. C’est la traduction d'un terme anglo-américain qui est Ableisme qui se traduit soit par validisme, soit…

Validisme Nom masculin Ou capacitisme Préjugés et comportements discriminatoires envers les personnes en situation de handicap

Politique de confidentialité

Qui sommes-nous ? Nous sommes 6 élus et militants handicapés, auteurs de la tribune L’adresse de notre site est : http://observatoirevalidismepolitique.fr Responsable de publication : Mme Odile Maurin Hébergement par OVH Contact ObservatoireValidismePolitique@gmail.com Commentaires Quand vous laissez un commentaire sur notre site, les données inscrites dans le formulaire de commentaire, ainsi que votre…
